is 114 + -1?
113
In base 2, what is 10 + -1100010011?
-1100010001
In base 2, what is 1100 - -1001101?
1011001
In base 11, what is 173 + 1a?
192
In base 3, what is -121 + 1000?
102
In base 13, what is 5 - 1825?
-1820
In base 14, what is -80 - 5?
-85
In base 13, what is 3 - -5b4?
5b7
In base 6, what is 10025 - -5?
10034
In base 13, what is -1669 - -3?
-1666
In base 8, what is 33 - 1200?
-1145
In base 4, what is 0 - 2021?
-2021
In base 12, what is -2a + 27?
-3
In base 4, what is 13 - -3110?
3123
In base 15, what is -10 + 2?
-d
In base 11, what is -680 + -5?
-685
In base 2, what is 1 + -1000001?
-1000000
In base 12, what is 4 - -476?
47a
In base 9, what is -14 + -216?
-231
In base 3, what is -1 - -211022?
211021
In base 16, what is 191 - 1e?
173
In base 11, what is -2a + 0?
-2a
In base 14, what is 2 + 13?
15
In base 10, what is -32 - 31?
-63
In base 13, what is 4 - 93?
-8c
In base 11, what is 3a - 7?
33
In base 12, what is 2721 + -2?
271b
In base 6, what is -124 - -105?
-15
In base 6, what is 15 + -233?
-214
In base 4, what is -1 - -2302?
2301
In base 11, what is -703 + -11?
-714
In base 16, what is -10 + -131?
-141
In base 7, what is -1034 + 24?
-1010
In base 15, what is 3 + -32?
-2e
In base 15, what is -d + 6?
-7
In base 14, what is -6850 - 0?
-6850
In base 8, what is -114 - -1?
-113
In base 6, what is -1 + -40?
-41
In base 10, what is -14 + -171?
-185
In base 6, what is 2 - 111?
-105
In base 8, what is -2354 - -5?
-2347
In base 11, what is 2a - -1?
30
In base 3, what is 1 - -21112?
21120
In base 9, what is -64 + -7?
-72
In base 7, what is -4 + 2100?
2063
In base 16, what is -8d9 - -1?
-8d8
In base 15, what is -20 - 104?
-124
In base 12, what is -1 + -81?
-82
In base 11, what is -31 + -17?
-48
In base 11, what is 34 - -40a?
443
In base 5, what is 2040 - -1?
2041
In base 3, what is -1111110 - -2?
-1111101
In base 14, what is -2 - 0?
-2
In base 7, what is -151 + 10?
-141
In base 13, what is 3 + -1372?
-136c
In base 8, what is 10523 - 2?
10521
In base 7, what is -25 + 63?
35
In base 11, what is 45 - a2?
-58
In base 5, what is 4 - 1213?
-1204
In base 12, what is -a + 1443?
1435
In base 16, what is 7 - -1?
8
In base 11, what is 0 + 0?
0
In base 12, what is 37 - -265?
2a0
In base 15, what is 1 - 5c?
-5b
In base 9, what is 3 - 3143?
-3140
In base 5, what is -30 - 120?
-200
In base 6, what is 13 - -530?
543
In base 12, what is 7 - -10?
17
In base 8, what is 46 - 47?
-1
In base 2, what is 1 - 1111011?
-1111010
In base 9, what is 5 + -1404?
-1388
In base 4, what is -21 - -1313?
1232
In base 3, what is 1 + 2011221?
2011222
In base 9, what is -842 + 0?
-842
In base 9, what is 248 + 16?
265
In base 14, what is 7 + 6b?
74
In base 9, what is -4 + -54?
-58
In base 6, what is -5 + 300?
251
In base 7, what is -6 - -415?
406
In base 5, what is -114210 - -2?
-114203
In base 9, what is -766 + 15?
-751
In base 2, what is -11 + -1110000100?
-1110000111
In base 15, what is 0 + -982?
-982
In base 9, what is -3287 + -4?
-3302
In base 9, what is 87 - -78?
176
In base 3, what is 100211 - 2?
100202
In base 14, what is -5 - 3d1?
-3d6
In base 13, what is 50 + 1?
51
In base 11, what is 2 - -27?
29
In base 15, what is -d - -e?
1
In base 10, what is -4 + -33?
-37
In base 4, what is 3133 - 3?
3130
In base 7, what is -1 + -10?
-11
In base 8, what is -2 - -1626?
1624
In base 4, what is 0 + 302?
302
In base 2, what is -1110 + -101?
-10011
In base 10, what is -140 + -5?
-145
In base 14, what is -20 - d1?
-111
In base 5, what is 22142 + -2?
22140
In base 8, what is 74 + 1037?
1133
In base 8, what is -1 + -44?
-45
In base 7, what is -5 - 434?
-442
In base 2, what is 10001011 + 10?
10001101
In base 2, what is 1100010 - -10?
1100100
In base 11, what is -77 - -22?
-55
In base 15, what is 3 - 6a?
-67
In base 16, what is -37f - -1?
-37e
In base 9, what is -206 - -15?
-181
In base 14, what is b4 + -4?
b0
In base 13, what is 1 - -22a?
22b
In base 16, what is -577 - 4?
-57b
In base 2, what is 100101110 + 100?
100110010
In base 12, what is -69 - 4?
-71
In base 14, what is -b42 + -3?
-b45
In base 14, what is -19d + -4?
-1a3
In base 9, what is -76 - -7?
-68
In base 13, what is -12 + 1b?
9
In base 2, what is 10010010100011 - -10?
10010010100101
In base 9, what is 51 - -5?
56
In base 7, what is -2 + 2532?
2530
In base 16, what is 10 - -19?
29
In base 7, what is -1132 - -1?
-1131
In base 16, what is 419 - 1?
418
In base 14, what is -1d - 122?
-141
In base 2, what is -10000111 + 1?
-10000110
In base 3, what is 210 - -2221?
10201
In base 12, what is -1 - -61?
60
In base 5, what is -4103 - 4?
-4112
In base 12, what is a - -351?
35b
In base 7, what is 3065 - 12?
3053
In base 11, what is 3678 + 1?
3679
In base 14, what is 0 - -19?
19
In base 14, what is 0 - -27b?
27b
In base 3, what is 120 - -110111?
111001
In base 16, what is -54 - -6?
-4e
In base 14, what is 1 + 1c9?
1ca
In base 11, what is -12 + 10?
-2
In base 4, what is 1113 - -1?
1120
In base 9, what is -4 - -26?
22
In base 13, what is 5 + 44?
49
In base 16, what is 6 - -3c0?
3c6
In base 3, what is -11020111 + -10?
-11020121
In base 14, what is 264 + 2?
266
In base 15, what is -3 + -4?
-7
In base 5, what is -204110 - 0?
-204110
In base 14, what is 1 + 431?
432
In base 13, what is 4 - 387?
-383
In base 6, what is 5 - 12034?
-12025
In base 4, what is 0 - -202?
202
In base 12, what is -4 - 96?
-9a
In base 7, what is -215 - -5?
-210
In base 7, what is -1660 - -4?
-1653
In base 8, what is 2 + 1056?
1060
In base 4, what is 221220 + -1?
221213
In base 8, what is -50037 + 5?
-50032
In base 5, what is 10 - -1102?
1112
In base 4, what is -112 + -10?
-122
In base 4, what is 110312 - -13?
110331
In base 11, what is -17a1 + 7?
-1795
In base 15, what is -2 - -35?
33
In base 8, what is 1571 + -2?
1567
In base 8, what is 5 - -336?
343
In base 4, what is -302333 + 3?
-302330
In base 2, what is 1111110110101 - 100?
1111110110001
In base 8, what is -4 + -257?
-263
In base 15, what is ad - -5?
b3
In base 4, what is -3 - 13322?
-13331
In base 4, what is -2230 + -3?
-2233
In base 13, what is 301 + -5?
2c9
In base 2, what is 0 + 10110001?
10110001
In base 9, what is -4 - 120?
-124
In base 9, what is -108 - -13?
-85
In base 13, what is 5 - -11?
16
In base 8, what is 1202 + 4?
1206
In base 9, what is -48 - -278?
230
In base 12, what is -5 + 342?
339
In base 14, what is -d + -a?
-19
In base 13, what is 70 + -1?
6c
In base 16, what is -5 - 12?
-17
In base 6, what is -2213 + 3?
-2210
In base 8, what is 7713 - 0?
7713
In base 3, what is 12200 + -20?
12110
In base 14, what is -8b - 4?
-91
In base 16, what is -18 - 5d2?
-5ea
In base 11, what is -1 - -1785?
1784
In base 7, what is 3 - -236?
242
In base 12, what is 2400 - 2?
23ba
In base 5, what is -1 + 4?
3
In base 8, what is 11 + 27?
40
In base 8, what is -1 - 5?
-6
In base 5, what is -1120 + -142?
-1312
In base 15, what is 23c + -6?
236
In base 9, what is 433 + 3?
436
In base 3, what is -22222 + 2?
-22220
In base 4, what is 13002313 + -10?
13002303
In base 10, what is 9 - -1200?
1209
In base 8, what is -6 - -33?
25
In base 4, what is -2120222 + 0?
-2120222
In base 9, what is 0 - -1326?
1326
In base 15, what is -c6d + -2?
-c70
In base 9, what is -57 - 133?
-201
In base 9, what is -8215 + 0?
-8215
In base 8, what is 0 + -11?
-11
In base 9, what is -6 - 41?
-47
In base 15, what is 18 - c4?
-ab
In base 8, what is 4 + 65?
71
In base 6, what is -15031 + -4?
-15035
In base 7, what is -4 - -1001?
664
In base 2, what is -10101 - 101000?
-111101
In base 16, what is 114 - -6?
11a
In base 13, what is 2 - -2a69?
2a6b
In base 15, what is 0 + 55?
55
In base 15, what is 20 + 5?
25
In base 14, what is -b + 35?
28
In base 10, what is -2 - -42?
40
In base 14, what is 5 - 54?
-4d
In base 8, what is 1 - -7237?
7240
In base 13, what is -5 + -194?
-199
In base 3, what is -20122 - -21?
-20101
In base 14, what is d3 - 2b?
a6
In base 13, what is -23c - c?
-24b
In base 12, what is 2 - -47?
49
In base 5, what is -112342 + -3?
-112400
In base 5, what is -10304 + -2?
-10311
In base 12, what is -10 - -28?
18
In base 2, what is -10 + -111110011?
-111110101
In base 14, what is -6 + -7?
-d
In base 9, what is 20115 - -3?
20118
In base 10, what is -2 + -590?
-592
In base 4, what is 10 - 121?
-111
In base 5, what is 2 + -11034?
-11032
In base 3, what is 221121